are the prime factors of j?
2, 5
Suppose 0 = 7476*a - 7469*a - 48664. List the prime factors of a.
2, 11, 79
Let b(i) = i + 4. Let s be b(5). Suppose -8*j - 214 = -s*j - 3*k, -3*k - 1160 = -5*j. List the prime factors of j.
229
Let w(k) = 2*k**2 - k - 24. Let g be w(-5). Suppose g*l + 4*l = 9240. What are the prime factors of l?
2, 3, 11
Suppose -855*i = -811*i - 2349248. List the prime factors of i.
2, 47, 71
Let q = 86518 - 54927. What are the prime factors of q?
7, 4513
Let c(t) = 310*t - 237. What are the prime factors of c(3)?
3, 7, 11
Suppose 123 = -7*k + 137. Suppose -k*y + 40*y = 30020. What are the prime factors of y?
2, 5, 79
Suppose 5*n - 3*g + 518 + 567 = 0, -2*n - g - 434 = 0. Suppose 5*p - 6*p = -k + 309, -1234 = -4*k + 2*p. Let r = n + k. What are the prime factors of r?
7, 13
Let d = 75994 + -23883. List the prime factors of d.
31, 41
Let q(f) = f**3 - 5*f**2 + 4*f + 6. Let z be q(2). Suppose 2*g + 1586 = 2*d, -z*d - 3*g + 789 = -d. List the prime factors of d.
2, 3, 11
Suppose 0 = -173*k + 143*k + 1507050. List the prime factors of k.
3, 5, 17, 197
Suppose -2*y - 3*y - 2*n - 60 = 0, n - 75 = 5*y. Let o be 6/y + (-11)/14*2. Let k(w) = 8*w**2 - w + 3. What are the prime factors of k(o)?
37
Let a(y) = -3*y**3 + 4*y**2 - 5*y + 11. Let m be a(4). Let k = 140 + m. Suppose 6*x = k*x + 504. List the prime factors of x.
2, 3, 7
Let m(j) = j - 11. Let x be m(6). Let s be (-21)/35*x/1. Suppose 331 = s*c - 2*o, -c + 2*o = 3*c - 442. What are the prime factors of c?
3, 37
Let k(q) = -q + 3*q**3 + 36*q**2 - 57*q**2 + 24*q**2 + q**3. Let w = 10 + -8. What are the prime factors of k(w)?
2, 3, 7
Suppose n + 4 = 0, -4*o - n = -264 + 80. Suppose f - 207 = o. List the prime factors of f.
2, 127
Suppose 119*w - 25861 = -a + 118*w, 0 = -w + 7. List the prime factors of a.
2, 3, 31, 139
Suppose 244951 = 5*q + 4*z, -2*q + 13*z - 10167 = -108162. What are the prime factors of q?
48991
Suppose 40*x - 38*x = 2. Let s(h) = -h**2 - 20*h - 13. Let p(u) = 1. Let j(i) = x*s(i) + 5*p(i). What are the prime factors of j(-17)?
43
Let h be 141794/(-279) + (-4)/(-18). Let t = 290 - h. List the prime factors of t.
2, 3, 7, 19
Suppose -300*v + 641791 + 50237 = 109*v. What are the prime factors of v?
2, 3, 47
Let f = -31734 - -64131. What are the prime factors of f?
3, 10799
Let d(r) = 86*r + 83. Let x be d(-3). List the prime factors of 75/x + (1480/7 - 1).
2, 3, 5, 7
Let f = -9193 + 13198. List the prime factors of f.
3, 5, 89
Let i(n) = -23 + 13 + 29 - 28*n + 57. List the prime factors of i(-8).
2, 3, 5
Let a be -3 + (8 - 5) + 2. Let w = a - -214. Let b = w + -31. What are the prime factors of b?
5, 37
Suppose 79 = -2*j - 49. Let s = 270 + j. What are the prime factors of s?
2, 103
Let n(x) = -3*x**2 - 36*x + 3. Let u be n(-12). Suppose u*m + 235 = d + m, 3*m + 12 = 0. List the prime factors of d.
227
Let i(k) = k**3 + 20*k**2 - 14*k + 46. List the prime factors of i(14).
2, 3257
Let o = -141 + 145. Suppose o*k = -112 + 1284. List the prime factors of k.
293
Let s(d) = -1375*d - 7798. List the prime factors of s(-16).
2, 3, 263
Suppose -7*w - 19206 = -29*w. Suppose -943*j = -946*j + w. What are the prime factors of j?
3, 97
Suppose -338476 + 1305761 = -8*q + 51*q. List the prime factors of q.
5, 11, 409
Let n(y) = 45*y**2 + 5*y**3 + 37 - 93*y**2 - 11 + 27*y**2. Let r(x) = 6*x**3 - 21*x**2 + 27. Let g(z) = 5*n(z) - 4*r(z). What are the prime factors of g(21)?
2, 11
Suppose 14*o - 1606 = -18448. Let g = -374 - o. What are the prime factors of g?
829
Suppose -s - 71*v + 79*v = -7328, -3*s + 22134 = v. List the prime factors of s.
2, 461
Let u(l) be the first derivative of -73*l**4/4 - l**3/3 - 5*l**2 - 11*l - 30. What are the prime factors of u(-2)?
19, 31
Let b(n) = 15*n - 95 + 49*n + 66 - 215. What are the prime factors of b(7)?
2, 3, 17
Suppose -61*q + 7 = -60*q, -5*q + 2807 = 2*s. List the prime factors of s.
2, 3, 7, 11
Let t = 5698 - 4918. What are the prime factors of t?
2, 3, 5, 13
Suppose 0 = 4*w - 5*u - 86744, -539*w + 534*w = 4*u - 108471. What are the prime factors of w?
109, 199
Suppose -472*d - 281496 = -480*d. List the prime factors of d.
3, 37, 317
Suppose -5*z + 0*i - 2*i + 2660 = 0, 5*i = -4*z + 2111. List the prime factors of (z/9 + 0)*153/34.
3, 89
Suppose -6919 = 5*i - 17314. What are the prime factors of i?
3, 7, 11
Let o = 65 - 31. Suppose p - 3*b = 427, -5*p - 39*b + 2075 = -o*b. What are the prime factors of p?
2, 11, 19
Let c(d) = 42*d**3 + 2*d**2 - 9*d + 6. Let w be (4 - 15/6)/(3/6). List the prime factors of c(w).
3, 13, 29
Suppose -39*o + 109*o = 733390. List the prime factors of o.
10477
Let v = -38 + 44. Suppose -22*r + 54 = -16*r. What are the prime factors of (-315)/(-1*r/v)?
2, 3, 5, 7
What are the prime factors of (10/40*-3)/((-3)/41476)?
10369
Suppose 0 = -f + 5*k + 10, 0*k + 3*k = -3*f - 24. List the prime factors of f*(-42)/35 - (-1)/(-1).
5
Let x(q) = 30*q - 57. Suppose 180 = -0*v + 15*v. What are the prime factors of x(v)?
3, 101
Let j(a) = 2*a**3 - 7*a**2 - 8*a - 16. Let r be j(7). Suppose 5*q = f + 1700, q - 75 = -f + r. List the prime factors of q.
11, 31
Suppose 5*z = -4*b + 16, 4*b - 6*b = 5*z - 8. Suppose z = -4*y + 25 - 45. What are the prime factors of (18/y)/((-7)/(140/8))?
3
Let g be -5 - -1 - -7 - 3. Suppose -w = -g*w - 9. List the prime factors of (-2)/2 + 41 - 27/w.
37
Let p = -191 + 555. Suppose -p = -5*o + 4*o. What are the prime factors of o?
2, 7, 13
Let q(h) = 1570*h - 374. What are the prime factors of q(10)?
2, 79, 97
Suppose 0 = -3553*h + 3489*h + 1037248. What are the prime factors of h?
19, 853
Suppose 0 = -d + 3*s + 21094, 5*d + 5*s = 60752 + 44718. What are the prime factors of d?
2, 53, 199
Let x(b) = -44*b**3 - 54*b**3 - 12*b + 11*b + b**2 - 1. What are the prime factors of x(-1)?
3, 11
Suppose 20*u - 73674 + 13594 = 0. What are the prime factors of u?
2, 751
Let q(c) = c**3 - 22*c**2 + 16*c + 26. What are the prime factors of q(23)?
13, 71
List the prime factors of (-62)/12 - 49/(-294) - -13504.
13499
Suppose u + 3 - 20 = 0. Suppose 0 = -o - 4*j + 27, u = 4*o - 2*j - 1. Suppose -o = -w + 51. What are the prime factors of w?
2, 29
Suppose 5*u = 5*j - 116855, -8*j + 11*j - 70121 = -5*u. What are the prime factors of j?
2, 5843
Suppose s = -0*s + 2. Suppose -12*x + 15*x - s*l - 235 = 0, -x - l + 75 = 0. What are the prime factors of x?
7, 11
Let k be (-5 + 2958/42)*(-21)/(-3). Suppose 0 = -2*r - 4*w + k, -3*w + 460 - 7 = 2*r. List the prime factors of r.
3, 73
Suppose -10 = 5*o + 5. Let z be 3 - (-1 - (o + -11)). Let p(s) = -10*s - 13. List the prime factors of p(z).
3, 29
Suppose 0 = -5*r + 14 + 6. Suppose 5*f = 5*v - 5, 0 = 2*v - f - r - 1. Suppose c = -m + 62 + 119, -v*m = -2*c - 718. What are the prime factors of m?
2, 3, 5
Let w(u) = -8*u + 8. Let r be (-6)/(-4)*(3 - 1). Let x(f) = -f**2 + 4*f - 5. Let j be x(r). What are the prime factors of w(j)?
2, 3
Let c(j) = -j**3 + 24*j**2 - 39*j - 444. Let q be c(16). Suppose 4*b - 932 = 380. What are the prime factors of (-2)/(-3 + q/b)?
2, 41
Suppose 11 = 3*j + 5*d, j - 2*d = -3 + 14. Let m = j + -4. Suppose 2*h = -2*o + 6*h + 210, -105 = -o - m*h. List the prime factors of o.
3, 5, 7
Let x(y) = 11*y**2 + 3*y + 20. Let q(u) = 9*u**2 + 4*u + 23. Let v(l) = -6*q(l) + 5*x(l). What are the prime factors of v(30)?
2, 37
Let w(z) = 2*z**2 + 8*z - 11. Let y be w(-4). Let f = -137 - -93. What are the prime factors of (-812)/y - ((-124)/f + -3)?
2, 37
Let z = 105330 + -56231. List the prime factors of z.
37, 1327
Suppose -17*t = -4129 - 3385. Suppose -392 = -6*c + t. Suppose -715 = -3*w - a, -2*w + 356 = -3*a - c. What are the prime factors of w?
2, 3, 5
Let d(x) be the second derivative of -x**5/10 - 7*x**4/4 - 2*x**3/3 - 21*x**2/2 + x. Suppose s - 13*s = 132. List the prime factors of d(s).
2, 3
Let n = -56 + 72. Let t be ((-18)/4)/(n/(-96)). Suppose 9*f - 18 = t. What are the prime factors of f?
5
Suppose 2 = 4*v - 2, 4*v = 3*c + 109. Let j be c/14*(-22 - -2)/(-1). Let r = 181 + j. List the prime factors of r.
131
Suppose 238 = 18*l - 320. Suppose 9385 = l*c - 19724. What are the prime factors of c?
3, 313
Suppose 0 = -8*m - 10*m - 54. Let g(s) = -92*s. What are the prime factors of g(m)?
2, 3, 23
Let t = -330 + 209. Let m(o) = 2*o**2 - 46*o - 52. Let l b